t the prime factors of 7447905.
3, 5, 19, 31, 281
What are the prime factors of 9777061?
7, 1396723
What are the prime factors of 3767101?
13, 23, 43, 293
List the prime factors of 5195403.
3, 139, 4153
List the prime factors of 4545107.
7, 79, 8219
List the prime factors of 864290.
2, 5, 7, 12347
What are the prime factors of 22835765?
5, 4567153
What are the prime factors of 5956785?
3, 5, 19, 6967
What are the prime factors of 1409010?
2, 3, 5, 67, 701
What are the prime factors of 983181?
3, 23, 14249
List the prime factors of 385219.
227, 1697
What are the prime factors of 6056494?
2, 3028247
What are the prime factors of 13701783?
3, 31, 147331
List the prime factors of 897663.
3, 13, 23017
List the prime factors of 230385.
3, 5, 15359
What are the prime factors of 142449?
3, 103, 461
What are the prime factors of 1154973?
3, 113, 3407
List the prime factors of 36028.
2, 9007
List the prime factors of 696305.
5, 47, 2963
What are the prime factors of 2824897?
139, 20323
What are the prime factors of 1336443?
3, 79, 5639
List the prime factors of 3055024.
2, 7, 27277
What are the prime factors of 2125?
5, 17
List the prime factors of 1964824.
2, 449, 547
What are the prime factors of 3009586?
2, 1504793
What are the prime factors of 311856?
2, 3, 73, 89
List the prime factors of 4129093.
79, 52267
List the prime factors of 844693.
587, 1439
What are the prime factors of 13054060?
2, 5, 29, 71, 317
What are the prime factors of 1327166?
2, 663583
List the prime factors of 433569.
3, 43, 3361
List the prime factors of 2122178.
2, 17, 62417
What are the prime factors of 449016?
2, 3, 53, 353
List the prime factors of 173120.
2, 5, 541
What are the prime factors of 709290?
2, 3, 5, 37, 71
List the prime factors of 79626.
2, 3, 23, 577
What are the prime factors of 2727777?
3, 13, 23, 3041
List the prime factors of 540083.
487, 1109
What are the prime factors of 2590936?
2, 17, 19051
What are the prime factors of 7966512?
2, 3, 683
List the prime factors of 24679462.
2, 12339731
What are the prime factors of 1575822?
2, 3, 19, 23, 601
What are the prime factors of 1849627?
13, 79, 1801
List the prime factors of 3432519.
3, 109, 3499
List the prime factors of 92078.
2, 7, 6577
What are the prime factors of 1233927?
3, 23, 1987
List the prime factors of 2890149.
3, 647, 1489
What are the prime factors of 253987?
253987
List the prime factors of 58815.
3, 5, 1307
List the prime factors of 7858248.
2, 3, 19, 907
What are the prime factors of 526394?
2, 11, 71, 337
List the prime factors of 446744.
2, 55843
List the prime factors of 464289.
3, 7, 22109
List the prime factors of 298432.
2, 4663
What are the prime factors of 42348?
2, 3, 3529
What are the prime factors of 73864?
2, 7, 1319
List the prime factors of 274717.
29, 9473
What are the prime factors of 346092?
2, 3, 151, 191
What are the prime factors of 6724201?
11, 29, 107, 197
What are the prime factors of 2173873?
13, 167221
List the prime factors of 768198.
2, 3, 128033
What are the prime factors of 1602428?
2, 400607
What are the prime factors of 778088?
2, 19, 5119
List the prime factors of 225824.
2, 7057
List the prime factors of 32969075.
5, 1009, 1307
What are the prime factors of 315447?
3, 11, 79
List the prime factors of 357025.
5, 14281
List the prime factors of 2946497.
1627, 1811
What are the prime factors of 4493769?
3, 7, 213989
What are the prime factors of 881827?
97, 9091
What are the prime factors of 32086?
2, 61, 263
List the prime factors of 9054434.
2, 4527217
List the prime factors of 6054386.
2, 13, 232861
What are the prime factors of 8833?
11, 73
List the prime factors of 342582.
2, 3, 57097
What are the prime factors of 478518?
2, 3, 173, 461
List the prime factors of 4124539.
19, 217081
What are the prime factors of 6587910?
2, 3, 5, 7, 10457
What are the prime factors of 3571108?
2, 892777
List the prime factors of 991670.
2, 5, 131, 757
What are the prime factors of 282325?
5, 23, 491
What are the prime factors of 1401719?
11, 61, 2089
List the prime factors of 596482.
2, 23, 12967
List the prime factors of 230666.
2, 29, 41, 97
What are the prime factors of 14171709?
3, 73, 163, 397
What are the prime factors of 94703?
7, 83, 163
What are the prime factors of 464685?
3, 5, 13, 2383
What are the prime factors of 1098015?
3, 5, 71, 1031
List the prime factors of 3337726.
2, 7, 29, 8221
What are the prime factors of 22181?
41, 541
What are the prime factors of 23780098?
2, 11890049
What are the prime factors of 9115620?
2, 3, 5, 139, 1093
What are the prime factors of 90271?
90271
List the prime factors of 245283.
3, 81761
What are the prime factors of 7466737?
167, 44711
What are the prime factors of 152645?
5, 30529
List the prime factors of 15884808.
2, 3, 29, 787
List the prime factors of 15155648.
2, 236807
What are the prime factors of 196706?
2, 59, 1667
List the prime factors of 2835433.
2835433
What are the prime factors of 858505?
5, 103, 1667
List the prime factors of 1507978.
2, 499, 1511
What are the prime factors of 7904138?
2, 11, 359279
What are the prime factors of 6711855?
3, 5, 17, 26321
What are the prime factors of 1239576?
2, 3, 13, 29, 137
What are the prime factors of 3718453?
211, 17623
What are the prime factors of 1410121?
1129, 1249
List the prime factors of 9220801.
79, 116719
List the prime factors of 9948305.
5, 19, 23, 29, 157
What are the prime factors of 7002419?
17, 23, 17909
List the prime factors of 2812879.
521, 5399
List the prime factors of 1965703.
59, 33317
What are the prime factors of 135775?
5, 5431
List the prime factors of 24886167.
3, 107, 77527
List the prime factors of 11042455.
5, 2208491
What are the prime factors of 95902?
2, 47951
List the prime factors of 175389.
3, 17, 19, 181
What are the prime factors of 240949?
83, 2903
What are the prime factors of 214250?
2, 5, 857
List the prime factors of 4911287.
89, 139, 397
List the prime factors of 1912888.
2, 157, 1523
What are the prime factors of 358812?
2, 3, 9967
What are the prime factors of 10422615?
3, 5, 7, 17, 5839
What are the prime factors of 6556947?
3, 2185649
What are the prime factors of 2791609?
103, 27103
List the prime factors of 68530.
2, 5, 7, 11, 89
List the prime factors of 373107.
3, 7, 109, 163
What are the prime factors of 1216525?
5, 48661
List the prime factors of 4668718.
2, 19, 122861
List the prime factors of 1020389.
1020389
What are the prime factors of 71056?
2, 4441
List the prime factors of 229467.
3, 7, 223
What are the prime factors of 5730420?
2, 3, 5, 95507
List the prime factors of 327906.
2, 3, 18217
List the prime factors of 323786.
2, 97, 1669
List the prime factors of 105770.
2, 5, 7, 1511
What are the prime factors of 29472566?
2, 14736283
What are the prime factors of 102780?
2, 3, 5, 571
List the prime factors of 13654890.
2, 3, 5, 173, 877
List the prime factors of 809563.
809563
What are the prime factors of 195667?
389, 503
List the prime factors of 5366770.
2, 5, 536677
What are the prime factors of 61931?
17, 3643
List the prime factors of 1239650.
2, 5, 24793
What are the prime factors of 165045?
3, 5, 11003
What are the prime factors of 10563886?
2, 19, 103, 2699
List the prime factors of 1118664.
2, 3, 5179
List the prime factors of 284739.
3, 7, 13, 149
What are the prime factors of 288260?
2, 5, 7, 29, 71
What are the prime factors of 2900686?
2, 103, 14081
What are the prime factors of 401461?
593, 677
What are the prime factors of 4963880?
2, 5, 124097
List the prime factors of 2695357.
7, 31, 12421
List the prime factors of 22909510.
2, 5, 13, 176227
List the prime factors of 1087361.
11, 41, 2411
List the prime factors of 603439.
491, 1229
List the prime factors of 22324761.
3, 499, 1657
List the prime factors of 8668397.
37, 234281
What are the prime factors of 839275?
5, 59, 569
List the prime factors of 8929419.
3, 29, 197, 521
List the prime factors of 8034380.
2, 5, 73, 5503
List the prime factors of 82111.
157, 523
What are the prime factors of 277910?
2, 5, 27791
What are the prime factors of 1873159?
1873159
List the prime factors of 72245.
5, 14449
What are the prime factors of 38509790?
2, 5, 11, 350089
List the prime factors of 6073118.
2, 1103, 2753
List the prime factors of 4695068.